{"id":1954,"date":"2026-04-07T23:29:06","date_gmt":"2026-04-07T21:29:06","guid":{"rendered":"https:\/\/boutique.bunker-france.com\/?product=couteau-de-survie-style-chasse"},"modified":"2026-04-07T23:29:07","modified_gmt":"2026-04-07T21:29:07","slug":"couteau-de-survie-style-chasse","status":"publish","type":"product","link":"https:\/\/boutique.bunker-france.com\/?product=couteau-de-survie-style-chasse","title":{"rendered":"Couteau de Survie Style Chasse"},"content":{"rendered":"<p>Ce couteau de survie de style chasse est dot\u00e9 d&rsquo;une lame aiguis\u00e9e comme un rasoir, id\u00e9ale pour toutes vos activit\u00e9s en ext\u00e9rieur. Sa longueur totale est de 21 cm, avec une lame de 9 cm fabriqu\u00e9e en acier 5CR15MOV, garantissant une duret\u00e9 de 57-59HRC. La poign\u00e9e est en faux ivoire, offrant une prise en main confortable. Il est parfait pour les sorties en for\u00eat, la randonn\u00e9e, la cuisine en ext\u00e9rieur, allumer un feu ou construire un abri. Il est livr\u00e9 avec une livraison offerte, un support rapide et des retours possibles sous 30 jours.<\/p>\n","protected":false},"excerpt":{"rendered":"<p>Ce couteau de survie de style chasse est dot\u00e9 d&rsquo;une lame aiguis\u00e9e comme un rasoir, id\u00e9ale pour toutes vos activit\u00e9s en ext\u00e9rieur. Sa longueur totale est de 21 cm, avec une lame de 9 cm fabriqu\u00e9e en acier 5CR15MOV, garantissant une duret\u00e9 de 57-59HRC. La poign\u00e9e est en faux ivoire, offrant une prise en main<\/p>\n<div class=\"more-link\">\n             <a href=\"https:\/\/boutique.bunker-france.com\/?product=couteau-de-survie-style-chasse\" class=\"theme-btn\"><span>Continue Reading <\/span><i class=\"bi bi-arrow-right\"><\/i><\/a>\n        <\/div>\n","protected":false},"featured_media":1953,"comment_status":"open","ping_status":"closed","template":"","meta":[],"product_brand":[],"product_cat":[58],"product_tag":[],"class_list":{"0":"post-1954","1":"product","2":"type-product","3":"status-publish","4":"has-post-thumbnail","6":"product_cat-couteaux-outils","8":"first","9":"instock","10":"taxable","11":"shipping-taxable","12":"purchasable","13":"product-type-simple"},"_links":{"self":[{"href":"https:\/\/boutique.bunker-france.com\/index.php?rest_route=\/wp\/v2\/product\/1954","targetHints":{"allow":["GET"]}}],"collection":[{"href":"https:\/\/boutique.bunker-france.com\/index.php?rest_route=\/wp\/v2\/product"}],"about":[{"href":"https:\/\/boutique.bunker-france.com\/index.php?rest_route=\/wp\/v2\/types\/product"}],"replies":[{"embeddable":true,"href":"https:\/\/boutique.bunker-france.com\/index.php?rest_route=%2Fwp%2Fv2%2Fcomments&post=1954"}],"wp:featuredmedia":[{"embeddable":true,"href":"https:\/\/boutique.bunker-france.com\/index.php?rest_route=\/wp\/v2\/media\/1953"}],"wp:attachment":[{"href":"https:\/\/boutique.bunker-france.com\/index.php?rest_route=%2Fwp%2Fv2%2Fmedia&parent=1954"}],"wp:term":[{"taxonomy":"product_brand","embeddable":true,"href":"https:\/\/boutique.bunker-france.com\/index.php?rest_route=%2Fwp%2Fv2%2Fproduct_brand&post=1954"},{"taxonomy":"product_cat","embeddable":true,"href":"https:\/\/boutique.bunker-france.com\/index.php?rest_route=%2Fwp%2Fv2%2Fproduct_cat&post=1954"},{"taxonomy":"product_tag","embeddable":true,"href":"https:\/\/boutique.bunker-france.com\/index.php?rest_route=%2Fwp%2Fv2%2Fproduct_tag&post=1954"}],"curies":[{"name":"wp","href":"https:\/\/api.w.org\/{rel}","templated":true}]}}