{"id":1950,"date":"2026-04-07T23:29:05","date_gmt":"2026-04-07T21:29:05","guid":{"rendered":"https:\/\/boutique.bunker-france.com\/?product=couteau-damas-tq1001-pliant"},"modified":"2026-04-07T23:29:05","modified_gmt":"2026-04-07T21:29:05","slug":"couteau-damas-tq1001-pliant","status":"publish","type":"product","link":"https:\/\/boutique.bunker-france.com\/?product=couteau-damas-tq1001-pliant","title":{"rendered":"Couteau Damas TQ1001 Pliant"},"content":{"rendered":"<p>Ce couteau pliant Damas TQ1001 est un outil robuste et tranchant, id\u00e9al pour les activit\u00e9s en ext\u00e9rieur comme les sorties en for\u00eat, la randonn\u00e9e, la cuisine en plein air, allumer un feu ou construire un abri. Il est dot\u00e9 d&rsquo;une lame en acier Damas VG10 et d&rsquo;un manche en fibre de carbone, offrant une duret\u00e9 de 57-59HRC. Livr\u00e9 dans une bo\u00eete cadeau avec un sac, il est appr\u00e9ci\u00e9 pour son excellent rapport qualit\u00e9-prix et sa durabilit\u00e9. Sa longueur totale est de 19.5 cm.<\/p>\n","protected":false},"excerpt":{"rendered":"<p>Ce couteau pliant Damas TQ1001 est un outil robuste et tranchant, id\u00e9al pour les activit\u00e9s en ext\u00e9rieur comme les sorties en for\u00eat, la randonn\u00e9e, la cuisine en plein air, allumer un feu ou construire un abri. Il est dot\u00e9 d&rsquo;une lame en acier Damas VG10 et d&rsquo;un manche en fibre de carbone, offrant une duret\u00e9<\/p>\n<div class=\"more-link\">\n             <a href=\"https:\/\/boutique.bunker-france.com\/?product=couteau-damas-tq1001-pliant\" class=\"theme-btn\"><span>Continue Reading <\/span><i class=\"bi bi-arrow-right\"><\/i><\/a>\n        <\/div>\n","protected":false},"featured_media":1949,"comment_status":"open","ping_status":"closed","template":"","meta":[],"product_brand":[],"product_cat":[58],"product_tag":[],"class_list":{"0":"post-1950","1":"product","2":"type-product","3":"status-publish","4":"has-post-thumbnail","6":"product_cat-couteaux-outils","8":"first","9":"instock","10":"taxable","11":"shipping-taxable","12":"purchasable","13":"product-type-simple"},"_links":{"self":[{"href":"https:\/\/boutique.bunker-france.com\/index.php?rest_route=\/wp\/v2\/product\/1950","targetHints":{"allow":["GET"]}}],"collection":[{"href":"https:\/\/boutique.bunker-france.com\/index.php?rest_route=\/wp\/v2\/product"}],"about":[{"href":"https:\/\/boutique.bunker-france.com\/index.php?rest_route=\/wp\/v2\/types\/product"}],"replies":[{"embeddable":true,"href":"https:\/\/boutique.bunker-france.com\/index.php?rest_route=%2Fwp%2Fv2%2Fcomments&post=1950"}],"wp:featuredmedia":[{"embeddable":true,"href":"https:\/\/boutique.bunker-france.com\/index.php?rest_route=\/wp\/v2\/media\/1949"}],"wp:attachment":[{"href":"https:\/\/boutique.bunker-france.com\/index.php?rest_route=%2Fwp%2Fv2%2Fmedia&parent=1950"}],"wp:term":[{"taxonomy":"product_brand","embeddable":true,"href":"https:\/\/boutique.bunker-france.com\/index.php?rest_route=%2Fwp%2Fv2%2Fproduct_brand&post=1950"},{"taxonomy":"product_cat","embeddable":true,"href":"https:\/\/boutique.bunker-france.com\/index.php?rest_route=%2Fwp%2Fv2%2Fproduct_cat&post=1950"},{"taxonomy":"product_tag","embeddable":true,"href":"https:\/\/boutique.bunker-france.com\/index.php?rest_route=%2Fwp%2Fv2%2Fproduct_tag&post=1950"}],"curies":[{"name":"wp","href":"https:\/\/api.w.org\/{rel}","templated":true}]}}