{"id":1916,"date":"2026-04-07T23:28:54","date_gmt":"2026-04-07T21:28:54","guid":{"rendered":"https:\/\/boutique.bunker-france.com\/?product=couteau-de-poche-damas-type-survie"},"modified":"2026-04-07T23:28:54","modified_gmt":"2026-04-07T21:28:54","slug":"couteau-de-poche-damas-type-survie","status":"publish","type":"product","link":"https:\/\/boutique.bunker-france.com\/?product=couteau-de-poche-damas-type-survie","title":{"rendered":"Couteau de Poche Damas type Survie"},"content":{"rendered":"<p>Ce couteau pliant multifonction est dot\u00e9 d&rsquo;une lame de 9.5 cm en acier Damas (VG10, Fixed Blade, D2). Il est robuste et tr\u00e8s tranchant, parfait pour les sorties en for\u00eat, la randonn\u00e9e, la cuisine en ext\u00e9rieur, allumer un feu ou construire un abri. Son grip est excellent et sa lame est super r\u00e9sistante et coupante. Il est \u00e9galement d\u00e9crit comme un magnifique couteau avec une livraison rapide et un service client r\u00e9actif.<\/p>\n","protected":false},"excerpt":{"rendered":"<p>Ce couteau pliant multifonction est dot\u00e9 d&rsquo;une lame de 9.5 cm en acier Damas (VG10, Fixed Blade, D2). Il est robuste et tr\u00e8s tranchant, parfait pour les sorties en for\u00eat, la randonn\u00e9e, la cuisine en ext\u00e9rieur, allumer un feu ou construire un abri. Son grip est excellent et sa lame est super r\u00e9sistante et coupante.<\/p>\n<div class=\"more-link\">\n             <a href=\"https:\/\/boutique.bunker-france.com\/?product=couteau-de-poche-damas-type-survie\" class=\"theme-btn\"><span>Continue Reading <\/span><i class=\"bi bi-arrow-right\"><\/i><\/a>\n        <\/div>\n","protected":false},"featured_media":1915,"comment_status":"open","ping_status":"closed","template":"","meta":[],"product_brand":[],"product_cat":[58],"product_tag":[],"class_list":{"0":"post-1916","1":"product","2":"type-product","3":"status-publish","4":"has-post-thumbnail","6":"product_cat-couteaux-outils","8":"first","9":"instock","10":"taxable","11":"shipping-taxable","12":"purchasable","13":"product-type-simple"},"_links":{"self":[{"href":"https:\/\/boutique.bunker-france.com\/index.php?rest_route=\/wp\/v2\/product\/1916","targetHints":{"allow":["GET"]}}],"collection":[{"href":"https:\/\/boutique.bunker-france.com\/index.php?rest_route=\/wp\/v2\/product"}],"about":[{"href":"https:\/\/boutique.bunker-france.com\/index.php?rest_route=\/wp\/v2\/types\/product"}],"replies":[{"embeddable":true,"href":"https:\/\/boutique.bunker-france.com\/index.php?rest_route=%2Fwp%2Fv2%2Fcomments&post=1916"}],"wp:featuredmedia":[{"embeddable":true,"href":"https:\/\/boutique.bunker-france.com\/index.php?rest_route=\/wp\/v2\/media\/1915"}],"wp:attachment":[{"href":"https:\/\/boutique.bunker-france.com\/index.php?rest_route=%2Fwp%2Fv2%2Fmedia&parent=1916"}],"wp:term":[{"taxonomy":"product_brand","embeddable":true,"href":"https:\/\/boutique.bunker-france.com\/index.php?rest_route=%2Fwp%2Fv2%2Fproduct_brand&post=1916"},{"taxonomy":"product_cat","embeddable":true,"href":"https:\/\/boutique.bunker-france.com\/index.php?rest_route=%2Fwp%2Fv2%2Fproduct_cat&post=1916"},{"taxonomy":"product_tag","embeddable":true,"href":"https:\/\/boutique.bunker-france.com\/index.php?rest_route=%2Fwp%2Fv2%2Fproduct_tag&post=1916"}],"curies":[{"name":"wp","href":"https:\/\/api.w.org\/{rel}","templated":true}]}}