{"id":1906,"date":"2026-04-07T23:28:52","date_gmt":"2026-04-07T21:28:52","guid":{"rendered":"https:\/\/boutique.bunker-france.com\/?product=couteau-edc-bushcraft"},"modified":"2026-04-07T23:28:52","modified_gmt":"2026-04-07T21:28:52","slug":"couteau-edc-bushcraft","status":"publish","type":"product","link":"https:\/\/boutique.bunker-france.com\/?product=couteau-edc-bushcraft","title":{"rendered":"Couteau EDC Bushcraft"},"content":{"rendered":"<p>Ce couteau EDC Bushcraft est un outil robuste et tranchant, id\u00e9al pour les activit\u00e9s de survie et les sorties en for\u00eat. Il est dot\u00e9 d&rsquo;une lame aiguis\u00e9e comme un rasoir et d&rsquo;une poign\u00e9e confortable en acier inoxydable et caoutchouc. Ses dimensions sont de 214mm de longueur totale, avec une lame de 97mm et une poign\u00e9e de 117mm. Le mat\u00e9riau de la lame est du 3Cr13. Il est appr\u00e9ci\u00e9 pour sa qualit\u00e9, sa livraison rapide et son service client r\u00e9actif.<\/p>\n","protected":false},"excerpt":{"rendered":"<p>Ce couteau EDC Bushcraft est un outil robuste et tranchant, id\u00e9al pour les activit\u00e9s de survie et les sorties en for\u00eat. Il est dot\u00e9 d&rsquo;une lame aiguis\u00e9e comme un rasoir et d&rsquo;une poign\u00e9e confortable en acier inoxydable et caoutchouc. Ses dimensions sont de 214mm de longueur totale, avec une lame de 97mm et une poign\u00e9e<\/p>\n<div class=\"more-link\">\n             <a href=\"https:\/\/boutique.bunker-france.com\/?product=couteau-edc-bushcraft\" class=\"theme-btn\"><span>Continue Reading <\/span><i class=\"bi bi-arrow-right\"><\/i><\/a>\n        <\/div>\n","protected":false},"featured_media":1905,"comment_status":"open","ping_status":"closed","template":"","meta":[],"product_brand":[],"product_cat":[58],"product_tag":[],"class_list":{"0":"post-1906","1":"product","2":"type-product","3":"status-publish","4":"has-post-thumbnail","6":"product_cat-couteaux-outils","8":"first","9":"instock","10":"taxable","11":"shipping-taxable","12":"purchasable","13":"product-type-simple"},"_links":{"self":[{"href":"https:\/\/boutique.bunker-france.com\/index.php?rest_route=\/wp\/v2\/product\/1906","targetHints":{"allow":["GET"]}}],"collection":[{"href":"https:\/\/boutique.bunker-france.com\/index.php?rest_route=\/wp\/v2\/product"}],"about":[{"href":"https:\/\/boutique.bunker-france.com\/index.php?rest_route=\/wp\/v2\/types\/product"}],"replies":[{"embeddable":true,"href":"https:\/\/boutique.bunker-france.com\/index.php?rest_route=%2Fwp%2Fv2%2Fcomments&post=1906"}],"wp:featuredmedia":[{"embeddable":true,"href":"https:\/\/boutique.bunker-france.com\/index.php?rest_route=\/wp\/v2\/media\/1905"}],"wp:attachment":[{"href":"https:\/\/boutique.bunker-france.com\/index.php?rest_route=%2Fwp%2Fv2%2Fmedia&parent=1906"}],"wp:term":[{"taxonomy":"product_brand","embeddable":true,"href":"https:\/\/boutique.bunker-france.com\/index.php?rest_route=%2Fwp%2Fv2%2Fproduct_brand&post=1906"},{"taxonomy":"product_cat","embeddable":true,"href":"https:\/\/boutique.bunker-france.com\/index.php?rest_route=%2Fwp%2Fv2%2Fproduct_cat&post=1906"},{"taxonomy":"product_tag","embeddable":true,"href":"https:\/\/boutique.bunker-france.com\/index.php?rest_route=%2Fwp%2Fv2%2Fproduct_tag&post=1906"}],"curies":[{"name":"wp","href":"https:\/\/api.w.org\/{rel}","templated":true}]}}