{"id":1875,"date":"2026-04-07T23:09:37","date_gmt":"2026-04-07T21:09:37","guid":{"rendered":"https:\/\/boutique.bunker-france.com\/?product=kit-pierre-a-feu-survie"},"modified":"2026-04-07T23:09:37","modified_gmt":"2026-04-07T21:09:37","slug":"kit-pierre-a-feu-survie","status":"publish","type":"product","link":"https:\/\/boutique.bunker-france.com\/?product=kit-pierre-a-feu-survie","title":{"rendered":"Kit Pierre \u00e0 Feu Survie"},"content":{"rendered":"<p>M\u00e9thode d&rsquo;utilisation: 1. Tirez le piston. 2. Ins\u00e9rez la fourche. 3. Ins\u00e9rez le piston dans la partie sup\u00e9rieure du piston (anneau en caoutchouc). 4. Poussez le piston verticalement. D\u00e9couvrez notre Kit de Piston \u00e0&#8230;&#8230;<\/p>\n","protected":false},"excerpt":{"rendered":"<p>M\u00e9thode d&rsquo;utilisation: 1. Tirez le piston. 2. Ins\u00e9rez la fourche. 3. Ins\u00e9rez le piston dans la partie sup\u00e9rieure du piston (anneau en caoutchouc). 4. Poussez le piston verticalement. D\u00e9couvrez notre Kit de Piston \u00e0&#8230;&#8230;<\/p>\n","protected":false},"featured_media":1874,"comment_status":"open","ping_status":"closed","template":"","meta":[],"product_brand":[],"product_cat":[25],"product_tag":[],"class_list":{"0":"post-1875","1":"product","2":"type-product","3":"status-publish","4":"has-post-thumbnail","6":"product_cat-briquet-de-survie","8":"first","9":"instock","10":"taxable","11":"shipping-taxable","12":"purchasable","13":"product-type-simple"},"_links":{"self":[{"href":"https:\/\/boutique.bunker-france.com\/index.php?rest_route=\/wp\/v2\/product\/1875","targetHints":{"allow":["GET"]}}],"collection":[{"href":"https:\/\/boutique.bunker-france.com\/index.php?rest_route=\/wp\/v2\/product"}],"about":[{"href":"https:\/\/boutique.bunker-france.com\/index.php?rest_route=\/wp\/v2\/types\/product"}],"replies":[{"embeddable":true,"href":"https:\/\/boutique.bunker-france.com\/index.php?rest_route=%2Fwp%2Fv2%2Fcomments&post=1875"}],"wp:featuredmedia":[{"embeddable":true,"href":"https:\/\/boutique.bunker-france.com\/index.php?rest_route=\/wp\/v2\/media\/1874"}],"wp:attachment":[{"href":"https:\/\/boutique.bunker-france.com\/index.php?rest_route=%2Fwp%2Fv2%2Fmedia&parent=1875"}],"wp:term":[{"taxonomy":"product_brand","embeddable":true,"href":"https:\/\/boutique.bunker-france.com\/index.php?rest_route=%2Fwp%2Fv2%2Fproduct_brand&post=1875"},{"taxonomy":"product_cat","embeddable":true,"href":"https:\/\/boutique.bunker-france.com\/index.php?rest_route=%2Fwp%2Fv2%2Fproduct_cat&post=1875"},{"taxonomy":"product_tag","embeddable":true,"href":"https:\/\/boutique.bunker-france.com\/index.php?rest_route=%2Fwp%2Fv2%2Fproduct_tag&post=1875"}],"curies":[{"name":"wp","href":"https:\/\/api.w.org\/{rel}","templated":true}]}}