{"id":1867,"date":"2026-04-07T23:09:35","date_gmt":"2026-04-07T21:09:35","guid":{"rendered":"https:\/\/boutique.bunker-france.com\/?product=briquet-de-survie"},"modified":"2026-04-07T23:09:35","modified_gmt":"2026-04-07T21:09:35","slug":"briquet-de-survie","status":"publish","type":"product","link":"https:\/\/boutique.bunker-france.com\/?product=briquet-de-survie","title":{"rendered":"Briquet de Survie"},"content":{"rendered":"<p>Ce briquet de survie est r\u00e9sistant aux chocs et \u00e0 l&rsquo;eau, avec des dimensions de 85x48x18mm. Il est modulable et con\u00e7u pour \u00eatre un outil fiable dans des conditions difficiles.<\/p>\n","protected":false},"excerpt":{"rendered":"<p>Ce briquet de survie est r\u00e9sistant aux chocs et \u00e0 l&rsquo;eau, avec des dimensions de 85x48x18mm. Il est modulable et con\u00e7u pour \u00eatre un outil fiable dans des conditions difficiles.<\/p>\n","protected":false},"featured_media":1866,"comment_status":"open","ping_status":"closed","template":"","meta":[],"product_brand":[],"product_cat":[25],"product_tag":[],"class_list":{"0":"post-1867","1":"product","2":"type-product","3":"status-publish","4":"has-post-thumbnail","6":"product_cat-briquet-de-survie","8":"first","9":"instock","10":"taxable","11":"shipping-taxable","12":"purchasable","13":"product-type-simple"},"_links":{"self":[{"href":"https:\/\/boutique.bunker-france.com\/index.php?rest_route=\/wp\/v2\/product\/1867","targetHints":{"allow":["GET"]}}],"collection":[{"href":"https:\/\/boutique.bunker-france.com\/index.php?rest_route=\/wp\/v2\/product"}],"about":[{"href":"https:\/\/boutique.bunker-france.com\/index.php?rest_route=\/wp\/v2\/types\/product"}],"replies":[{"embeddable":true,"href":"https:\/\/boutique.bunker-france.com\/index.php?rest_route=%2Fwp%2Fv2%2Fcomments&post=1867"}],"wp:featuredmedia":[{"embeddable":true,"href":"https:\/\/boutique.bunker-france.com\/index.php?rest_route=\/wp\/v2\/media\/1866"}],"wp:attachment":[{"href":"https:\/\/boutique.bunker-france.com\/index.php?rest_route=%2Fwp%2Fv2%2Fmedia&parent=1867"}],"wp:term":[{"taxonomy":"product_brand","embeddable":true,"href":"https:\/\/boutique.bunker-france.com\/index.php?rest_route=%2Fwp%2Fv2%2Fproduct_brand&post=1867"},{"taxonomy":"product_cat","embeddable":true,"href":"https:\/\/boutique.bunker-france.com\/index.php?rest_route=%2Fwp%2Fv2%2Fproduct_cat&post=1867"},{"taxonomy":"product_tag","embeddable":true,"href":"https:\/\/boutique.bunker-france.com\/index.php?rest_route=%2Fwp%2Fv2%2Fproduct_tag&post=1867"}],"curies":[{"name":"wp","href":"https:\/\/api.w.org\/{rel}","templated":true}]}}