{"id":1855,"date":"2026-04-07T23:04:57","date_gmt":"2026-04-07T21:04:57","guid":{"rendered":"https:\/\/boutique.bunker-france.com\/?product=matelas-gonflable-deux-place"},"modified":"2026-04-07T23:04:57","modified_gmt":"2026-04-07T21:04:57","slug":"matelas-gonflable-deux-place","status":"publish","type":"product","link":"https:\/\/boutique.bunker-france.com\/?product=matelas-gonflable-deux-place","title":{"rendered":"Matelas Gonflable Deux Place"},"content":{"rendered":"<p>Ce matelas gonflable deux places est facile \u00e0 gonfler, r\u00e9sistant aux intemp\u00e9ries et facile \u00e0 transporter. Il est id\u00e9al pour vos aventures en plein air.<\/p>\n","protected":false},"excerpt":{"rendered":"<p>Ce matelas gonflable deux places est facile \u00e0 gonfler, r\u00e9sistant aux intemp\u00e9ries et facile \u00e0 transporter. Il est id\u00e9al pour vos aventures en plein air.<\/p>\n","protected":false},"featured_media":1854,"comment_status":"open","ping_status":"closed","template":"","meta":[],"product_brand":[],"product_cat":[55],"product_tag":[],"class_list":{"0":"post-1855","1":"product","2":"type-product","3":"status-publish","4":"has-post-thumbnail","6":"product_cat-couverture-de-survie","8":"first","9":"instock","10":"taxable","11":"shipping-taxable","12":"purchasable","13":"product-type-simple"},"_links":{"self":[{"href":"https:\/\/boutique.bunker-france.com\/index.php?rest_route=\/wp\/v2\/product\/1855","targetHints":{"allow":["GET"]}}],"collection":[{"href":"https:\/\/boutique.bunker-france.com\/index.php?rest_route=\/wp\/v2\/product"}],"about":[{"href":"https:\/\/boutique.bunker-france.com\/index.php?rest_route=\/wp\/v2\/types\/product"}],"replies":[{"embeddable":true,"href":"https:\/\/boutique.bunker-france.com\/index.php?rest_route=%2Fwp%2Fv2%2Fcomments&post=1855"}],"wp:featuredmedia":[{"embeddable":true,"href":"https:\/\/boutique.bunker-france.com\/index.php?rest_route=\/wp\/v2\/media\/1854"}],"wp:attachment":[{"href":"https:\/\/boutique.bunker-france.com\/index.php?rest_route=%2Fwp%2Fv2%2Fmedia&parent=1855"}],"wp:term":[{"taxonomy":"product_brand","embeddable":true,"href":"https:\/\/boutique.bunker-france.com\/index.php?rest_route=%2Fwp%2Fv2%2Fproduct_brand&post=1855"},{"taxonomy":"product_cat","embeddable":true,"href":"https:\/\/boutique.bunker-france.com\/index.php?rest_route=%2Fwp%2Fv2%2Fproduct_cat&post=1855"},{"taxonomy":"product_tag","embeddable":true,"href":"https:\/\/boutique.bunker-france.com\/index.php?rest_route=%2Fwp%2Fv2%2Fproduct_tag&post=1855"}],"curies":[{"name":"wp","href":"https:\/\/api.w.org\/{rel}","templated":true}]}}