{"id":1798,"date":"2026-04-07T22:51:38","date_gmt":"2026-04-07T20:51:38","guid":{"rendered":"https:\/\/boutique.bunker-france.com\/?product=sac-a-dos-tactique-15l-2"},"modified":"2026-04-07T22:51:38","modified_gmt":"2026-04-07T20:51:38","slug":"sac-a-dos-tactique-15l-2","status":"publish","type":"product","link":"https:\/\/boutique.bunker-france.com\/?product=sac-a-dos-tactique-15l-2","title":{"rendered":"Sac a Dos Tactique 15L"},"content":{"rendered":"<p>Le Sac \u00e0 Dos Tactique 15L est votre nouveau meilleur ami pour toutes vos excursions. Avec sa capacit\u00e9 de 15L, vous pouvez y ranger tout le n\u00e9cessaire pour vos aventures. Il est con\u00e7u pour \u00eatre pratique et r\u00e9sistant, id\u00e9al pour le survivalisme et les activit\u00e9s en ext\u00e9rieur.<\/p>\n","protected":false},"excerpt":{"rendered":"<p>Le Sac \u00e0 Dos Tactique 15L est votre nouveau meilleur ami pour toutes vos excursions. Avec sa capacit\u00e9 de 15L, vous pouvez y ranger tout le n\u00e9cessaire pour vos aventures. Il est con\u00e7u pour \u00eatre pratique et r\u00e9sistant, id\u00e9al pour le survivalisme et les activit\u00e9s en ext\u00e9rieur.<\/p>\n","protected":false},"featured_media":1797,"comment_status":"open","ping_status":"closed","template":"","meta":[],"product_brand":[],"product_cat":[56],"product_tag":[],"class_list":{"0":"post-1798","1":"product","2":"type-product","3":"status-publish","4":"has-post-thumbnail","6":"product_cat-sac-a-dos-de-survie","8":"first","9":"instock","10":"taxable","11":"shipping-taxable","12":"purchasable","13":"product-type-simple"},"_links":{"self":[{"href":"https:\/\/boutique.bunker-france.com\/index.php?rest_route=\/wp\/v2\/product\/1798","targetHints":{"allow":["GET"]}}],"collection":[{"href":"https:\/\/boutique.bunker-france.com\/index.php?rest_route=\/wp\/v2\/product"}],"about":[{"href":"https:\/\/boutique.bunker-france.com\/index.php?rest_route=\/wp\/v2\/types\/product"}],"replies":[{"embeddable":true,"href":"https:\/\/boutique.bunker-france.com\/index.php?rest_route=%2Fwp%2Fv2%2Fcomments&post=1798"}],"wp:featuredmedia":[{"embeddable":true,"href":"https:\/\/boutique.bunker-france.com\/index.php?rest_route=\/wp\/v2\/media\/1797"}],"wp:attachment":[{"href":"https:\/\/boutique.bunker-france.com\/index.php?rest_route=%2Fwp%2Fv2%2Fmedia&parent=1798"}],"wp:term":[{"taxonomy":"product_brand","embeddable":true,"href":"https:\/\/boutique.bunker-france.com\/index.php?rest_route=%2Fwp%2Fv2%2Fproduct_brand&post=1798"},{"taxonomy":"product_cat","embeddable":true,"href":"https:\/\/boutique.bunker-france.com\/index.php?rest_route=%2Fwp%2Fv2%2Fproduct_cat&post=1798"},{"taxonomy":"product_tag","embeddable":true,"href":"https:\/\/boutique.bunker-france.com\/index.php?rest_route=%2Fwp%2Fv2%2Fproduct_tag&post=1798"}],"curies":[{"name":"wp","href":"https:\/\/api.w.org\/{rel}","templated":true}]}}