{"id":1794,"date":"2026-04-07T22:51:37","date_gmt":"2026-04-07T20:51:37","guid":{"rendered":"https:\/\/boutique.bunker-france.com\/?product=sac-a-dos-militaire-survie-50l-thales-beige"},"modified":"2026-04-07T22:51:38","modified_gmt":"2026-04-07T20:51:38","slug":"sac-a-dos-militaire-survie-50l-thales-beige","status":"publish","type":"product","link":"https:\/\/boutique.bunker-france.com\/?product=sac-a-dos-militaire-survie-50l-thales-beige","title":{"rendered":"Sac a Dos Militaire Survie 50L Thales (Beige)"},"content":{"rendered":"<p>Avec le Sac \u00e0 Dos Militaire Survie 50L (Beige), partez \u00e0 l&rsquo;aventure en toute s\u00e9r\u00e9nit\u00e9. Ce sac \u00e0 dos est parfaitement adapt\u00e9 pour les activit\u00e9s de plein air de longue dur\u00e9e gr\u00e2ce \u00e0 sa grande capacit\u00e9 de 50L. Con\u00e7u en 900D Oxford Waterproof, il est solide et r\u00e9sistant pour faire face aux conditions les plus extr\u00eames.<\/p>\n<p>Le Sac \u00e0 Dos Militaire Survie 50L (Beige) est muni d&rsquo;une panoplie d&rsquo;avantages pratiques. Gr\u00e2ce \u00e0 ses nombreuses poches, organisez facilement votre \u00e9quipement. Le scratch pour ajout de patch personnalis\u00e9 vous permettra d&rsquo;afficher vos couleurs. Avec ses sangles r\u00e9glables, le sac \u00e0 dos s&rsquo;adapte parfaitement \u00e0 votre morphologie pour un port confortable.<\/p>\n<p>Caract\u00e9ristiques:<br \/>\n* Grande capacit\u00e9: 50L<br \/>\n* Mati\u00e8re solide: 900D Oxford Waterproof<br \/>\n* Scratch pour ajout de patch personnalis\u00e9<\/p>\n","protected":false},"excerpt":{"rendered":"<p>Avec le Sac \u00e0 Dos Militaire Survie 50L (Beige), partez \u00e0 l&rsquo;aventure en toute s\u00e9r\u00e9nit\u00e9. Ce sac \u00e0 dos est parfaitement adapt\u00e9 pour les activit\u00e9s de plein air de longue dur\u00e9e gr\u00e2ce \u00e0 sa grande capacit\u00e9 de 50L. Con\u00e7u en 900D Oxford Waterproof, il est solide et r\u00e9sistant pour faire face aux conditions les plus<\/p>\n<div class=\"more-link\">\n             <a href=\"https:\/\/boutique.bunker-france.com\/?product=sac-a-dos-militaire-survie-50l-thales-beige\" class=\"theme-btn\"><span>Continue Reading <\/span><i class=\"bi bi-arrow-right\"><\/i><\/a>\n        <\/div>\n","protected":false},"featured_media":1793,"comment_status":"open","ping_status":"closed","template":"","meta":[],"product_brand":[],"product_cat":[56],"product_tag":[],"class_list":{"0":"post-1794","1":"product","2":"type-product","3":"status-publish","4":"has-post-thumbnail","6":"product_cat-sac-a-dos-de-survie","8":"first","9":"instock","10":"taxable","11":"shipping-taxable","12":"purchasable","13":"product-type-simple"},"_links":{"self":[{"href":"https:\/\/boutique.bunker-france.com\/index.php?rest_route=\/wp\/v2\/product\/1794","targetHints":{"allow":["GET"]}}],"collection":[{"href":"https:\/\/boutique.bunker-france.com\/index.php?rest_route=\/wp\/v2\/product"}],"about":[{"href":"https:\/\/boutique.bunker-france.com\/index.php?rest_route=\/wp\/v2\/types\/product"}],"replies":[{"embeddable":true,"href":"https:\/\/boutique.bunker-france.com\/index.php?rest_route=%2Fwp%2Fv2%2Fcomments&post=1794"}],"wp:featuredmedia":[{"embeddable":true,"href":"https:\/\/boutique.bunker-france.com\/index.php?rest_route=\/wp\/v2\/media\/1793"}],"wp:attachment":[{"href":"https:\/\/boutique.bunker-france.com\/index.php?rest_route=%2Fwp%2Fv2%2Fmedia&parent=1794"}],"wp:term":[{"taxonomy":"product_brand","embeddable":true,"href":"https:\/\/boutique.bunker-france.com\/index.php?rest_route=%2Fwp%2Fv2%2Fproduct_brand&post=1794"},{"taxonomy":"product_cat","embeddable":true,"href":"https:\/\/boutique.bunker-france.com\/index.php?rest_route=%2Fwp%2Fv2%2Fproduct_cat&post=1794"},{"taxonomy":"product_tag","embeddable":true,"href":"https:\/\/boutique.bunker-france.com\/index.php?rest_route=%2Fwp%2Fv2%2Fproduct_tag&post=1794"}],"curies":[{"name":"wp","href":"https:\/\/api.w.org\/{rel}","templated":true}]}}