{"id":1784,"date":"2026-04-07T22:51:36","date_gmt":"2026-04-07T20:51:36","guid":{"rendered":"https:\/\/boutique.bunker-france.com\/?product=sac-a-dos-survie-beige-55l"},"modified":"2026-04-07T22:51:36","modified_gmt":"2026-04-07T20:51:36","slug":"sac-a-dos-survie-beige-55l","status":"publish","type":"product","link":"https:\/\/boutique.bunker-france.com\/?product=sac-a-dos-survie-beige-55l","title":{"rendered":"Sac a Dos Survie Beige 55L"},"content":{"rendered":"<p>Imaginez partir en randonn\u00e9e, et ne plus avoir \u00e0 vous soucier de l&rsquo;espace de votre sac ! C&rsquo;est exactement ce que vous offre le Sac \u00e0 dos Survie Beige 55L. Ce sac est votre meilleur alli\u00e9 en aventure, con\u00e7u pour vous offrir un espace de rangement optimal et une tranquillit\u00e9 d&rsquo;esprit lors de vos exp\u00e9ditions.<\/p>\n","protected":false},"excerpt":{"rendered":"<p>Imaginez partir en randonn\u00e9e, et ne plus avoir \u00e0 vous soucier de l&rsquo;espace de votre sac ! C&rsquo;est exactement ce que vous offre le Sac \u00e0 dos Survie Beige 55L. Ce sac est votre meilleur alli\u00e9 en aventure, con\u00e7u pour vous offrir un espace de rangement optimal et une tranquillit\u00e9 d&rsquo;esprit lors de vos exp\u00e9ditions.<\/p>\n","protected":false},"featured_media":1783,"comment_status":"open","ping_status":"closed","template":"","meta":[],"product_brand":[],"product_cat":[56],"product_tag":[],"class_list":{"0":"post-1784","1":"product","2":"type-product","3":"status-publish","4":"has-post-thumbnail","6":"product_cat-sac-a-dos-de-survie","8":"first","9":"instock","10":"taxable","11":"shipping-taxable","12":"purchasable","13":"product-type-simple"},"_links":{"self":[{"href":"https:\/\/boutique.bunker-france.com\/index.php?rest_route=\/wp\/v2\/product\/1784","targetHints":{"allow":["GET"]}}],"collection":[{"href":"https:\/\/boutique.bunker-france.com\/index.php?rest_route=\/wp\/v2\/product"}],"about":[{"href":"https:\/\/boutique.bunker-france.com\/index.php?rest_route=\/wp\/v2\/types\/product"}],"replies":[{"embeddable":true,"href":"https:\/\/boutique.bunker-france.com\/index.php?rest_route=%2Fwp%2Fv2%2Fcomments&post=1784"}],"wp:featuredmedia":[{"embeddable":true,"href":"https:\/\/boutique.bunker-france.com\/index.php?rest_route=\/wp\/v2\/media\/1783"}],"wp:attachment":[{"href":"https:\/\/boutique.bunker-france.com\/index.php?rest_route=%2Fwp%2Fv2%2Fmedia&parent=1784"}],"wp:term":[{"taxonomy":"product_brand","embeddable":true,"href":"https:\/\/boutique.bunker-france.com\/index.php?rest_route=%2Fwp%2Fv2%2Fproduct_brand&post=1784"},{"taxonomy":"product_cat","embeddable":true,"href":"https:\/\/boutique.bunker-france.com\/index.php?rest_route=%2Fwp%2Fv2%2Fproduct_cat&post=1784"},{"taxonomy":"product_tag","embeddable":true,"href":"https:\/\/boutique.bunker-france.com\/index.php?rest_route=%2Fwp%2Fv2%2Fproduct_tag&post=1784"}],"curies":[{"name":"wp","href":"https:\/\/api.w.org\/{rel}","templated":true}]}}