{"id":1757,"date":"2026-04-07T22:38:30","date_gmt":"2026-04-07T20:38:30","guid":{"rendered":"https:\/\/boutique.bunker-france.com\/?product=kit-de-survie-everest"},"modified":"2026-04-07T22:38:30","modified_gmt":"2026-04-07T20:38:30","slug":"kit-de-survie-everest","status":"publish","type":"product","link":"https:\/\/boutique.bunker-france.com\/?product=kit-de-survie-everest","title":{"rendered":"Kit de Survie \u00ab\u00a0Everest\u00a0\u00bb"},"content":{"rendered":"<p>Pr\u00e9parez-vous \u00e0 faire face \u00e0 l&rsquo;impensable avec ce kit de survie ultime. Contenant tous les outils et fournitures essentiels pour survivre en cas d&rsquo;urgence, ce kit est con\u00e7u pour vous offrir la tranquillit\u00e9 d&rsquo;esprit, que vous soyez en pleine nature ou confront\u00e9 \u00e0 une situation inattendue en milieu urbain. Chaque \u00e9l\u00e9ment a \u00e9t\u00e9 soigneusement s\u00e9lectionn\u00e9 pour sa durabilit\u00e9, sa fiabilit\u00e9 et sa polyvalence, vous assurant d&rsquo;avoir le n\u00e9cessaire pour faire face \u00e0 divers sc\u00e9narios.<\/p>\n","protected":false},"excerpt":{"rendered":"<p>Pr\u00e9parez-vous \u00e0 faire face \u00e0 l&rsquo;impensable avec ce kit de survie ultime. Contenant tous les outils et fournitures essentiels pour survivre en cas d&rsquo;urgence, ce kit est con\u00e7u pour vous offrir la tranquillit\u00e9 d&rsquo;esprit, que vous soyez en pleine nature ou confront\u00e9 \u00e0 une situation inattendue en milieu urbain. Chaque \u00e9l\u00e9ment a \u00e9t\u00e9 soigneusement s\u00e9lectionn\u00e9<\/p>\n<div class=\"more-link\">\n             <a href=\"https:\/\/boutique.bunker-france.com\/?product=kit-de-survie-everest\" class=\"theme-btn\"><span>Continue Reading <\/span><i class=\"bi bi-arrow-right\"><\/i><\/a>\n        <\/div>\n","protected":false},"featured_media":1756,"comment_status":"open","ping_status":"closed","template":"","meta":[],"product_brand":[],"product_cat":[54],"product_tag":[],"class_list":{"0":"post-1757","1":"product","2":"type-product","3":"status-publish","4":"has-post-thumbnail","6":"product_cat-kits-de-survie","8":"first","9":"instock","10":"taxable","11":"shipping-taxable","12":"purchasable","13":"product-type-simple"},"_links":{"self":[{"href":"https:\/\/boutique.bunker-france.com\/index.php?rest_route=\/wp\/v2\/product\/1757","targetHints":{"allow":["GET"]}}],"collection":[{"href":"https:\/\/boutique.bunker-france.com\/index.php?rest_route=\/wp\/v2\/product"}],"about":[{"href":"https:\/\/boutique.bunker-france.com\/index.php?rest_route=\/wp\/v2\/types\/product"}],"replies":[{"embeddable":true,"href":"https:\/\/boutique.bunker-france.com\/index.php?rest_route=%2Fwp%2Fv2%2Fcomments&post=1757"}],"wp:featuredmedia":[{"embeddable":true,"href":"https:\/\/boutique.bunker-france.com\/index.php?rest_route=\/wp\/v2\/media\/1756"}],"wp:attachment":[{"href":"https:\/\/boutique.bunker-france.com\/index.php?rest_route=%2Fwp%2Fv2%2Fmedia&parent=1757"}],"wp:term":[{"taxonomy":"product_brand","embeddable":true,"href":"https:\/\/boutique.bunker-france.com\/index.php?rest_route=%2Fwp%2Fv2%2Fproduct_brand&post=1757"},{"taxonomy":"product_cat","embeddable":true,"href":"https:\/\/boutique.bunker-france.com\/index.php?rest_route=%2Fwp%2Fv2%2Fproduct_cat&post=1757"},{"taxonomy":"product_tag","embeddable":true,"href":"https:\/\/boutique.bunker-france.com\/index.php?rest_route=%2Fwp%2Fv2%2Fproduct_tag&post=1757"}],"curies":[{"name":"wp","href":"https:\/\/api.w.org\/{rel}","templated":true}]}}